{"id":140,"date":"2018-12-12T13:43:01","date_gmt":"2018-12-12T13:43:01","guid":{"rendered":"http:\/\/clapat.ro\/themes\/grenada-wordpress-gutenberg\/?page_id=93"},"modified":"2024-10-10T13:32:16","modified_gmt":"2024-10-10T11:32:16","slug":"services","status":"publish","type":"page","link":"https:\/\/creativeals.com\/index.php\/services\/","title":{"rendered":"Services"},"content":{"rendered":"\n<h2 class=\"wp-block-heading\">Nos diff\u00e9rentes prestations de services graphiques sont con\u00e7ues pour donner vie \u00e0 vos projets. De la cr\u00e9ation de logo \u00e0 l\u2019\u00e9laboration de chartes graphiques compl\u00e8tes, nous vous accompagnons dans chaque \u00e9tape pour construire une image unique et coh\u00e9rente.<\/h2>\n\n\n\n<div style=\"height:50px\" aria-hidden=\"true\" class=\"wp-block-spacer\"><\/div>\n\n\n\n<p>Notre agence de design graphique couvre un large \u00e9ventail de services : Strat\u00e9gie et identit\u00e9 visuelle de marque, campagnes digitales et personnalisation &#8211; marquage publicitaire afin de cr\u00e9er des exp\u00e9riences engageantes pour votre marque.<\/p>\n\n\n\n<p>Bas\u00e9e \u00e0 Paris et en Normandie, notre agence de design graphique intervient dans ces r\u00e9gions et peut se d\u00e9placer partout en France, afin de vous offrir un service personnalis\u00e9, o\u00f9 que vous soyez.<\/p>\n\n\n\n<div style=\"height:80px\" aria-hidden=\"true\" class=\"wp-block-spacer\"><\/div>\n\n\n\n<h4 class=\"wp-block-heading\">Nos clients:<\/h4>\n\n\n\n<p>Nous avons collabor\u00e9 avec ces marques<\/p>\n\n\n\n<div style=\"height:50px\" aria-hidden=\"true\" class=\"wp-block-spacer\"><\/div>\n\n\n\n<div class=\"wp-block-grenada-gutenberg-clients clients-table\">\n<li class=\"link\"><img decoding=\"async\" src=\"http:\/\/creativeals.com\/wp-content\/uploads\/2024\/09\/ALS-creative-16.png\" alt=\"client image\" \/><\/li>\n\n\n\n<li class=\"link\"><img decoding=\"async\" src=\"http:\/\/creativeals.com\/wp-content\/uploads\/2024\/09\/ALS-creative-09.png\" alt=\"client image\" \/><\/li>\n\n\n\n<li class=\"link\"><img decoding=\"async\" src=\"http:\/\/creativeals.com\/wp-content\/uploads\/2024\/09\/ALS-creative-08.png\" alt=\"client image\" \/><\/li>\n\n\n\n<li class=\"link\"><img decoding=\"async\" src=\"http:\/\/creativeals.com\/wp-content\/uploads\/2024\/09\/ALS-creative-18.png\" alt=\"client image\" \/><\/li>\n\n\n\n<li class=\"link\"><img decoding=\"async\" src=\"http:\/\/creativeals.com\/wp-content\/uploads\/2024\/09\/ALS-creative-17.png\" alt=\"client image\" \/><\/li>\n\n\n\n<li class=\"link\"><img decoding=\"async\" src=\"http:\/\/creativeals.com\/wp-content\/uploads\/2024\/09\/ALS-creative-10.png\" alt=\"client image\" \/><\/li>\n\n\n\n<li class=\"link\"><img decoding=\"async\" src=\"http:\/\/creativeals.com\/wp-content\/uploads\/2024\/09\/ALS-creative-14.png\" alt=\"client image\" \/><\/li>\n\n\n\n<li class=\"link\"><img decoding=\"async\" src=\"http:\/\/creativeals.com\/wp-content\/uploads\/2024\/09\/ALS-creative-07.png\" alt=\"client image\" \/><\/li>\n\n\n\n<li class=\"link\"><img decoding=\"async\" src=\"http:\/\/creativeals.com\/wp-content\/uploads\/2024\/09\/ALS-creative-15.png\" alt=\"client image\" \/><\/li>\n\n\n\n<li class=\"link\"><img decoding=\"async\" src=\"http:\/\/creativeals.com\/wp-content\/uploads\/2024\/09\/ALS-creative-12.png\" alt=\"client image\" \/><\/li>\n\n\n\n<li class=\"link\"><img decoding=\"async\" src=\"http:\/\/creativeals.com\/wp-content\/uploads\/2024\/09\/ALS-creative-13.png\" alt=\"client image\" \/><\/li>\n\n\n\n<li class=\"link\"><img decoding=\"async\" src=\"http:\/\/creativeals.com\/wp-content\/uploads\/2024\/09\/ALS-creative-11.png\" alt=\"client image\" \/><\/li>\n<\/div>\n\n\n\n<div style=\"height:120px\" aria-hidden=\"true\" class=\"wp-block-spacer\"><\/div>\n\n\n\n<div class=\"wp-block-columns is-layout-flex wp-container-core-columns-is-layout-1 wp-block-columns-is-layout-flex\">\n<div class=\"wp-block-column is-layout-flow wp-block-column-is-layout-flow\">\n<p>Nos Services<\/p>\n\n\n\n<div style=\"height:20px\" aria-hidden=\"true\" class=\"wp-block-spacer\"><\/div>\n\n\n\n<h3 class=\"wp-block-heading\">Valorisez votre communication visuelle gr\u00e2ce \u00e0 une identit\u00e9 graphique et des valeurs qui vous ressemblent.<\/h3>\n<\/div>\n<\/div>\n\n\n\n<div style=\"height:100px\" aria-hidden=\"true\" class=\"wp-block-spacer\"><\/div>\n\n\n\n<div class=\"wp-block-columns alignwide has-white-color has-text-color has-background has-small-font-size is-layout-flex wp-container-core-columns-is-layout-2 wp-block-columns-is-layout-flex\" style=\"background-color:#0f1010\">\n<div class=\"wp-block-column is-layout-flow wp-block-column-is-layout-flow\">\n<h2 class=\"wp-block-heading\" style=\"font-size:30px;line-height:1.3\">Branding<\/h2>\n\n\n\n<p style=\"font-size:14px\">Strat\u00e9gie et identit\u00e9 visuelle de marque<\/p>\n\n\n\n<p style=\"font-size:14px\">Ev\u00e8nementiel<\/p>\n\n\n\n<p style=\"font-size:14px\">Print design ( Brochure &#8211; Catalogue &#8211; Affiche &#8211; \u2026 )<\/p>\n\n\n\n<p style=\"font-size:14px\">Design de logo<\/p>\n\n\n\n<p style=\"font-size:14px\">Packaging<\/p>\n<\/div>\n\n\n\n<div class=\"wp-block-column is-layout-flow wp-block-column-is-layout-flow\">\n<h2 class=\"wp-block-heading\" style=\"font-size:30px;line-height:1.3\">Digital<\/h2>\n\n\n\n<p style=\"font-size:14px\">Strat\u00e9gie et campagne digitale<\/p>\n\n\n\n<p style=\"font-size:14px\">Web design<\/p>\n\n\n\n<p><\/p>\n<\/div>\n\n\n\n<div class=\"wp-block-column is-layout-flow wp-block-column-is-layout-flow\">\n<h2 class=\"wp-block-heading\" style=\"font-size:30px;line-height:1.3\">Custom<\/h2>\n\n\n\n<p style=\"font-size:14px\">Cr\u00e9ation et design textile avec logo<\/p>\n\n\n\n<p style=\"font-size:14px\">Marquage publicitaire<\/p>\n\n\n\n<p style=\"font-size:14px\">Personnalisation marque<\/p>\n\n\n\n<p>Impression num\u00e9rique, broderie, flocage &#8230;<\/p>\n<\/div>\n<\/div>\n\n\n\n<div style=\"height:20px\" aria-hidden=\"true\" class=\"wp-block-spacer\"><\/div>\n\n\n\n<div class=\"wp-block-columns alignwide is-layout-flex wp-container-core-columns-is-layout-3 wp-block-columns-is-layout-flex\">\n<div class=\"wp-block-column is-layout-flow wp-block-column-is-layout-flow\">\n<figure class=\"wp-block-image size-large is-resized\"><a href=\"https:\/\/creativeals.com\/index.php\/grenada_portfolio\/peps-and-liloo\/\"><img fetchpriority=\"high\" decoding=\"async\" width=\"1024\" height=\"768\" src=\"http:\/\/creativeals.com\/wp-content\/uploads\/2018\/12\/Id-visuelle-packaging-peps-and-liloo-01-1024x768.jpg\" alt=\"\" class=\"wp-image-186\" style=\"width:360px;height:auto\" srcset=\"https:\/\/creativeals.com\/wp-content\/uploads\/2018\/12\/Id-visuelle-packaging-peps-and-liloo-01-1024x768.jpg 1024w, https:\/\/creativeals.com\/wp-content\/uploads\/2018\/12\/Id-visuelle-packaging-peps-and-liloo-01-300x225.jpg 300w, https:\/\/creativeals.com\/wp-content\/uploads\/2018\/12\/Id-visuelle-packaging-peps-and-liloo-01-768x576.jpg 768w, https:\/\/creativeals.com\/wp-content\/uploads\/2018\/12\/Id-visuelle-packaging-peps-and-liloo-01-1536x1152.jpg 1536w, https:\/\/creativeals.com\/wp-content\/uploads\/2018\/12\/Id-visuelle-packaging-peps-and-liloo-01.jpg 1920w\" sizes=\"(max-width: 1024px) 100vw, 1024px\" \/><\/a><\/figure>\n<\/div>\n\n\n\n<div class=\"wp-block-column is-layout-flow wp-block-column-is-layout-flow\">\n<figure class=\"wp-block-image size-large is-resized\"><a href=\"https:\/\/creativeals.com\/index.php\/grenada_portfolio\/pop-plaine-commune\/\"><img decoding=\"async\" width=\"1024\" height=\"768\" src=\"http:\/\/creativeals.com\/wp-content\/uploads\/2018\/12\/OFFICE-TOURISME-PLAINE-COMMUNE-01-1024x768.jpg\" alt=\"\" class=\"wp-image-175\" style=\"width:360px\" srcset=\"https:\/\/creativeals.com\/wp-content\/uploads\/2018\/12\/OFFICE-TOURISME-PLAINE-COMMUNE-01-1024x768.jpg 1024w, https:\/\/creativeals.com\/wp-content\/uploads\/2018\/12\/OFFICE-TOURISME-PLAINE-COMMUNE-01-300x225.jpg 300w, https:\/\/creativeals.com\/wp-content\/uploads\/2018\/12\/OFFICE-TOURISME-PLAINE-COMMUNE-01-768x576.jpg 768w, https:\/\/creativeals.com\/wp-content\/uploads\/2018\/12\/OFFICE-TOURISME-PLAINE-COMMUNE-01-1536x1152.jpg 1536w, https:\/\/creativeals.com\/wp-content\/uploads\/2018\/12\/OFFICE-TOURISME-PLAINE-COMMUNE-01-2048x1536.jpg 2048w\" sizes=\"(max-width: 1024px) 100vw, 1024px\" \/><\/a><\/figure>\n<\/div>\n\n\n\n<div class=\"wp-block-column is-layout-flow wp-block-column-is-layout-flow\">\n<figure class=\"wp-block-image size-large is-resized\"><a href=\"https:\/\/creativeals.com\/index.php\/grenada_portfolio\/tennis-club-flins-sur-seine\/\"><img decoding=\"async\" width=\"1024\" height=\"768\" src=\"http:\/\/creativeals.com\/wp-content\/uploads\/2018\/12\/01-1-1024x768.jpg\" alt=\"\" class=\"wp-image-180\" style=\"width:360px\" srcset=\"https:\/\/creativeals.com\/wp-content\/uploads\/2018\/12\/01-1-1024x768.jpg 1024w, https:\/\/creativeals.com\/wp-content\/uploads\/2018\/12\/01-1-300x225.jpg 300w, https:\/\/creativeals.com\/wp-content\/uploads\/2018\/12\/01-1-768x576.jpg 768w, https:\/\/creativeals.com\/wp-content\/uploads\/2018\/12\/01-1-1536x1152.jpg 1536w, https:\/\/creativeals.com\/wp-content\/uploads\/2018\/12\/01-1.jpg 1920w\" sizes=\"(max-width: 1024px) 100vw, 1024px\" \/><\/a><\/figure>\n<\/div>\n<\/div>\n\n\n\n<div style=\"height:100px\" aria-hidden=\"true\" class=\"wp-block-spacer\"><\/div>\n\n\n\n<h2 class=\"wp-block-heading\">Des questions sur nos services graphiques ? Envie de discuter de votre projet ?<\/h2>\n\n\n\n<div style=\"height:20px\" aria-hidden=\"true\" class=\"wp-block-spacer\"><\/div>\n\n\n\n<a class=\"clapat-button hide-ball outline-button ajax-link animation-link\" href=\"https:\/\/creativeals.com\/index.php\/contact\/\" data-type=\"page-transition\" target=\"_self\">Prendre rendez-vous<\/a>\n\n\n\n<div style=\"height:100px\" aria-hidden=\"true\" class=\"wp-block-spacer\"><\/div>\n\n\n\n<p><\/p>\n","protected":false},"excerpt":{"rendered":"<p>Nos diff\u00e9rentes prestations de services graphiques sont con\u00e7ues pour donner vie \u00e0 vos projets. De la cr\u00e9ation de logo \u00e0 l\u2019\u00e9laboration de chartes graphiques compl\u00e8tes, nous vous accompagnons dans chaque \u00e9tape pour construire une image unique et coh\u00e9rente. Notre agence de design graphique couvre un large \u00e9ventail de services : Strat\u00e9gie et identit\u00e9 visuelle de [&hellip;]<\/p>\n","protected":false},"author":1,"featured_media":0,"parent":0,"menu_order":0,"comment_status":"closed","ping_status":"closed","template":"","meta":{"_monsterinsights_skip_tracking":false,"_monsterinsights_sitenote_active":false,"_monsterinsights_sitenote_note":"","_monsterinsights_sitenote_category":0,"footnotes":""},"class_list":["post-140","page","type-page","status-publish","hentry"],"yoast_head":"<!-- This site is optimized with the Yoast SEO plugin v23.7 - https:\/\/yoast.com\/wordpress\/plugins\/seo\/ -->\n<title>Services &#8211; Creative Als<\/title>\n<meta name=\"description\" content=\"Prestation de services graphique sur Paris et la Normandie. Cr\u00e9ation de logo, strat\u00e9gie et identit\u00e9 visuelle de marque, personnalisation, etc\" \/>\n<meta name=\"robots\" content=\"index, follow, max-snippet:-1, max-image-preview:large, max-video-preview:-1\" \/>\n<link rel=\"canonical\" href=\"https:\/\/creativeals.com\/index.php\/services\/\" \/>\n<meta property=\"og:locale\" content=\"fr_FR\" \/>\n<meta property=\"og:type\" content=\"article\" \/>\n<meta property=\"og:title\" content=\"Services &#8211; Creative Als\" \/>\n<meta property=\"og:description\" content=\"Prestation de services graphique sur Paris et la Normandie. Cr\u00e9ation de logo, strat\u00e9gie et identit\u00e9 visuelle de marque, personnalisation, etc\" \/>\n<meta property=\"og:url\" content=\"https:\/\/creativeals.com\/index.php\/services\/\" \/>\n<meta property=\"og:site_name\" content=\"Creative Als\" \/>\n<meta property=\"article:modified_time\" content=\"2024-10-10T11:32:16+00:00\" \/>\n<meta property=\"og:image\" content=\"http:\/\/creativeals.com\/wp-content\/uploads\/2018\/12\/Id-visuelle-packaging-peps-and-liloo-01-1024x768.jpg\" \/>\n<meta name=\"twitter:card\" content=\"summary_large_image\" \/>\n<meta name=\"twitter:label1\" content=\"Dur\u00e9e de lecture estim\u00e9e\" \/>\n\t<meta name=\"twitter:data1\" content=\"2 minutes\" \/>\n<script type=\"application\/ld+json\" class=\"yoast-schema-graph\">{\"@context\":\"https:\/\/schema.org\",\"@graph\":[{\"@type\":\"WebPage\",\"@id\":\"https:\/\/creativeals.com\/index.php\/services\/\",\"url\":\"https:\/\/creativeals.com\/index.php\/services\/\",\"name\":\"Services &#8211; Creative Als\",\"isPartOf\":{\"@id\":\"https:\/\/creativeals.com\/#website\"},\"primaryImageOfPage\":{\"@id\":\"https:\/\/creativeals.com\/index.php\/services\/#primaryimage\"},\"image\":{\"@id\":\"https:\/\/creativeals.com\/index.php\/services\/#primaryimage\"},\"thumbnailUrl\":\"http:\/\/creativeals.com\/wp-content\/uploads\/2018\/12\/Id-visuelle-packaging-peps-and-liloo-01-1024x768.jpg\",\"datePublished\":\"2018-12-12T13:43:01+00:00\",\"dateModified\":\"2024-10-10T11:32:16+00:00\",\"description\":\"Prestation de services graphique sur Paris et la Normandie. Cr\u00e9ation de logo, strat\u00e9gie et identit\u00e9 visuelle de marque, personnalisation, etc\",\"breadcrumb\":{\"@id\":\"https:\/\/creativeals.com\/index.php\/services\/#breadcrumb\"},\"inLanguage\":\"fr-FR\",\"potentialAction\":[{\"@type\":\"ReadAction\",\"target\":[\"https:\/\/creativeals.com\/index.php\/services\/\"]}]},{\"@type\":\"ImageObject\",\"inLanguage\":\"fr-FR\",\"@id\":\"https:\/\/creativeals.com\/index.php\/services\/#primaryimage\",\"url\":\"https:\/\/creativeals.com\/wp-content\/uploads\/2018\/12\/Id-visuelle-packaging-peps-and-liloo-01.jpg\",\"contentUrl\":\"https:\/\/creativeals.com\/wp-content\/uploads\/2018\/12\/Id-visuelle-packaging-peps-and-liloo-01.jpg\",\"width\":1920,\"height\":1440},{\"@type\":\"BreadcrumbList\",\"@id\":\"https:\/\/creativeals.com\/index.php\/services\/#breadcrumb\",\"itemListElement\":[{\"@type\":\"ListItem\",\"position\":1,\"name\":\"Accueil\",\"item\":\"https:\/\/creativeals.com\/\"},{\"@type\":\"ListItem\",\"position\":2,\"name\":\"Services\"}]},{\"@type\":\"WebSite\",\"@id\":\"https:\/\/creativeals.com\/#website\",\"url\":\"https:\/\/creativeals.com\/\",\"name\":\"Als Creative\",\"description\":\"Agence de design graphique et identit\u00e9 de marque\",\"publisher\":{\"@id\":\"https:\/\/creativeals.com\/#organization\"},\"potentialAction\":[{\"@type\":\"SearchAction\",\"target\":{\"@type\":\"EntryPoint\",\"urlTemplate\":\"https:\/\/creativeals.com\/?s={search_term_string}\"},\"query-input\":{\"@type\":\"PropertyValueSpecification\",\"valueRequired\":true,\"valueName\":\"search_term_string\"}}],\"inLanguage\":\"fr-FR\"},{\"@type\":\"Organization\",\"@id\":\"https:\/\/creativeals.com\/#organization\",\"name\":\"Creative Als\",\"url\":\"https:\/\/creativeals.com\/\",\"logo\":{\"@type\":\"ImageObject\",\"inLanguage\":\"fr-FR\",\"@id\":\"https:\/\/creativeals.com\/#\/schema\/logo\/image\/\",\"url\":\"http:\/\/creativeals.com\/wp-content\/uploads\/2024\/09\/cropped-nouveau-logo-ALS-1.png\",\"contentUrl\":\"http:\/\/creativeals.com\/wp-content\/uploads\/2024\/09\/cropped-nouveau-logo-ALS-1.png\",\"width\":512,\"height\":512,\"caption\":\"Creative Als\"},\"image\":{\"@id\":\"https:\/\/creativeals.com\/#\/schema\/logo\/image\/\"}}]}<\/script>\n<!-- \/ Yoast SEO plugin. -->","yoast_head_json":{"title":"Services &#8211; Creative Als","description":"Prestation de services graphique sur Paris et la Normandie. Cr\u00e9ation de logo, strat\u00e9gie et identit\u00e9 visuelle de marque, personnalisation, etc","robots":{"index":"index","follow":"follow","max-snippet":"max-snippet:-1","max-image-preview":"max-image-preview:large","max-video-preview":"max-video-preview:-1"},"canonical":"https:\/\/creativeals.com\/index.php\/services\/","og_locale":"fr_FR","og_type":"article","og_title":"Services &#8211; Creative Als","og_description":"Prestation de services graphique sur Paris et la Normandie. Cr\u00e9ation de logo, strat\u00e9gie et identit\u00e9 visuelle de marque, personnalisation, etc","og_url":"https:\/\/creativeals.com\/index.php\/services\/","og_site_name":"Creative Als","article_modified_time":"2024-10-10T11:32:16+00:00","og_image":[{"url":"http:\/\/creativeals.com\/wp-content\/uploads\/2018\/12\/Id-visuelle-packaging-peps-and-liloo-01-1024x768.jpg"}],"twitter_card":"summary_large_image","twitter_misc":{"Dur\u00e9e de lecture estim\u00e9e":"2 minutes"},"schema":{"@context":"https:\/\/schema.org","@graph":[{"@type":"WebPage","@id":"https:\/\/creativeals.com\/index.php\/services\/","url":"https:\/\/creativeals.com\/index.php\/services\/","name":"Services &#8211; Creative Als","isPartOf":{"@id":"https:\/\/creativeals.com\/#website"},"primaryImageOfPage":{"@id":"https:\/\/creativeals.com\/index.php\/services\/#primaryimage"},"image":{"@id":"https:\/\/creativeals.com\/index.php\/services\/#primaryimage"},"thumbnailUrl":"http:\/\/creativeals.com\/wp-content\/uploads\/2018\/12\/Id-visuelle-packaging-peps-and-liloo-01-1024x768.jpg","datePublished":"2018-12-12T13:43:01+00:00","dateModified":"2024-10-10T11:32:16+00:00","description":"Prestation de services graphique sur Paris et la Normandie. Cr\u00e9ation de logo, strat\u00e9gie et identit\u00e9 visuelle de marque, personnalisation, etc","breadcrumb":{"@id":"https:\/\/creativeals.com\/index.php\/services\/#breadcrumb"},"inLanguage":"fr-FR","potentialAction":[{"@type":"ReadAction","target":["https:\/\/creativeals.com\/index.php\/services\/"]}]},{"@type":"ImageObject","inLanguage":"fr-FR","@id":"https:\/\/creativeals.com\/index.php\/services\/#primaryimage","url":"https:\/\/creativeals.com\/wp-content\/uploads\/2018\/12\/Id-visuelle-packaging-peps-and-liloo-01.jpg","contentUrl":"https:\/\/creativeals.com\/wp-content\/uploads\/2018\/12\/Id-visuelle-packaging-peps-and-liloo-01.jpg","width":1920,"height":1440},{"@type":"BreadcrumbList","@id":"https:\/\/creativeals.com\/index.php\/services\/#breadcrumb","itemListElement":[{"@type":"ListItem","position":1,"name":"Accueil","item":"https:\/\/creativeals.com\/"},{"@type":"ListItem","position":2,"name":"Services"}]},{"@type":"WebSite","@id":"https:\/\/creativeals.com\/#website","url":"https:\/\/creativeals.com\/","name":"Als Creative","description":"Agence de design graphique et identit\u00e9 de marque","publisher":{"@id":"https:\/\/creativeals.com\/#organization"},"potentialAction":[{"@type":"SearchAction","target":{"@type":"EntryPoint","urlTemplate":"https:\/\/creativeals.com\/?s={search_term_string}"},"query-input":{"@type":"PropertyValueSpecification","valueRequired":true,"valueName":"search_term_string"}}],"inLanguage":"fr-FR"},{"@type":"Organization","@id":"https:\/\/creativeals.com\/#organization","name":"Creative Als","url":"https:\/\/creativeals.com\/","logo":{"@type":"ImageObject","inLanguage":"fr-FR","@id":"https:\/\/creativeals.com\/#\/schema\/logo\/image\/","url":"http:\/\/creativeals.com\/wp-content\/uploads\/2024\/09\/cropped-nouveau-logo-ALS-1.png","contentUrl":"http:\/\/creativeals.com\/wp-content\/uploads\/2024\/09\/cropped-nouveau-logo-ALS-1.png","width":512,"height":512,"caption":"Creative Als"},"image":{"@id":"https:\/\/creativeals.com\/#\/schema\/logo\/image\/"}}]}},"_links":{"self":[{"href":"https:\/\/creativeals.com\/index.php\/wp-json\/wp\/v2\/pages\/140"}],"collection":[{"href":"https:\/\/creativeals.com\/index.php\/wp-json\/wp\/v2\/pages"}],"about":[{"href":"https:\/\/creativeals.com\/index.php\/wp-json\/wp\/v2\/types\/page"}],"author":[{"embeddable":true,"href":"https:\/\/creativeals.com\/index.php\/wp-json\/wp\/v2\/users\/1"}],"replies":[{"embeddable":true,"href":"https:\/\/creativeals.com\/index.php\/wp-json\/wp\/v2\/comments?post=140"}],"version-history":[{"count":32,"href":"https:\/\/creativeals.com\/index.php\/wp-json\/wp\/v2\/pages\/140\/revisions"}],"predecessor-version":[{"id":371,"href":"https:\/\/creativeals.com\/index.php\/wp-json\/wp\/v2\/pages\/140\/revisions\/371"}],"wp:attachment":[{"href":"https:\/\/creativeals.com\/index.php\/wp-json\/wp\/v2\/media?parent=140"}],"curies":[{"name":"wp","href":"https:\/\/api.w.org\/{rel}","templated":true}]}}